{"id":3454,"date":"2024-10-31T02:09:07","date_gmt":"2024-10-31T02:09:07","guid":{"rendered":"https:\/\/teslasciencefoundation.org\/new_TSF\/?page_id=3454"},"modified":"2024-10-31T02:09:07","modified_gmt":"2024-10-31T02:09:07","slug":"lectures","status":"publish","type":"page","link":"https:\/\/teslasciencefoundation.org\/new_TSF\/lectures\/","title":{"rendered":"Lectures"},"content":{"rendered":"\n<div style=\"height:37px\" aria-hidden=\"true\" class=\"wp-block-spacer\"><\/div>\n\n\n\n<p><strong>1. A NEW SYSTEM OF ALTERNATE CURRENT MOTORS AND TRANSFORMERS<\/strong>\u00a0\u2013 lecture given at the American Institute of Electrical Engineers in New York, May 16, 1988.<\/p>\n\n\n\n<p><br><strong>2. EXPERIMENTS WITH ALTERNATE CURRENTS OF VERY HIGH FREQUENCY AND THEIR APPLICATION TO METHODS OF ARTIFICIAL ILLUMINATION<\/strong>\u00a0\u2013 lecture given at the American Institute of Electrical Engineers at Columbia College, New York, May 20, 1891.<\/p>\n\n\n\n<p><br><strong>3. EXPERIMENTS WITH ALTERNATE CURRENTS OF HIGH POTENTIAL AND HIGH FREQUENCY<\/strong>\u00a0\u2013 lecture given to the Institute of Electrical Engineers in London on February 3, 1892, and at the Royal Institute in London on February 4, 1892. It was given again to the International Association of Electrical Engineers and to the Soci\u00e9t\u00e9 Fran\u00e7aise de Physique in Paris.<\/p>\n\n\n\n<p><br><strong>4. ON LIGHT AND OTHER HIGH FREQUENCY PHENOMENA<\/strong>\u00a0\u2013 lecture given at the Franklin Institute in Philadelphia on February 24, 1893, and at the National Electric Light Association in St Louis on March 1, 1893.<\/p>\n\n\n\n<p><br><strong>5. ON MECHANICAL AND ELECTRICAL OSCILLATORS<\/strong>\u00a0\u2013 lecture given on August 25, 1983, in the hall adjoining the Agricultural Building at the Chicago World\u2019s Fair. This lecture was not published and the manuscript was not preserved among Tesla\u2019s papers. It was most probably destroyed, along with his other belongings, in the fire of March 13, 1895. Thanks to journalist and publicist T.K. Martin, a detailed overview of the lecture and Tesla\u2019s experiments appeared in the press at the time.<\/p>\n\n\n\n<p><br><strong>6. HIGH FREQUENCY OSCILLATORS FOR ELECTROTHERAPEUTIC AND OTHER PURPOSES<\/strong>\u00a0\u2013 lecture given to the Electro-Therapeutic Society in Buffalo on September 13, 1898.<\/p>\n\n\n\n<p><br><strong>7. HIGH-FREQUENCY OSCILLATORS AND CONTROLS FOR ELECTRIC CIRCUITS<\/strong>\u00a0\u2013 lecture given to the New York Academy of Sciences on April 6, 1897.<\/p>\n\n\n\n<p><br><strong>8. ON THE ART OF TELEAUTOMATICS<\/strong>\u00a0\u2013 lecture given on May 13, 1899, at the Chicago Business Club. This lecture is preserved in an incomplete and unfinished form in the Archives of the Nikola Tesla Museum.<\/p>\n\n\n\n<p><br><strong>9. THE PHENOMENON OF HIGH FREQUENCIES<\/strong>\u00a0\u2013 experimental demonstrations in the Havemeyer Hall of Columbia University, New York on the evening of April 12, 1901.<\/p>\n\n\n\n<p><br><strong>10. NEW INVENTIONS BY TESLA<\/strong>\u00a0\u2013 lecture at a meeting of the New York branch of the National Electric Light Association held in the New York building of the Association of Electrical Engineers on the evening of Monday, May 15, 1911.<\/p>\n\n\n\n<div style=\"height:71px\" aria-hidden=\"true\" class=\"wp-block-spacer\"><\/div>\n","protected":false},"excerpt":{"rendered":"<p>1. A NEW SYSTEM OF ALTERNATE CURRENT MOTORS AND TRANSFORMERS\u00a0\u2013 lecture given at the American Institute of Electrical Engineers in New York, May 16, 1988. 2. EXPERIMENTS WITH ALTERNATE CURRENTS OF VERY HIGH FREQUENCY AND THEIR APPLICATION TO METHODS OF ARTIFICIAL ILLUMINATION\u00a0\u2013 lecture given at the American Institute of Electrical Engineers at Columbia College, New [&hellip;]<\/p>\n","protected":false},"author":1,"featured_media":0,"parent":0,"menu_order":0,"comment_status":"closed","ping_status":"closed","template":"","meta":{"give_campaign_id":0,"nf_dc_page":"","footnotes":""},"class_list":["post-3454","page","type-page","status-publish","hentry"],"campaignId":"","_links":{"self":[{"href":"https:\/\/teslasciencefoundation.org\/new_TSF\/wp-json\/wp\/v2\/pages\/3454","targetHints":{"allow":["GET"]}}],"collection":[{"href":"https:\/\/teslasciencefoundation.org\/new_TSF\/wp-json\/wp\/v2\/pages"}],"about":[{"href":"https:\/\/teslasciencefoundation.org\/new_TSF\/wp-json\/wp\/v2\/types\/page"}],"author":[{"embeddable":true,"href":"https:\/\/teslasciencefoundation.org\/new_TSF\/wp-json\/wp\/v2\/users\/1"}],"replies":[{"embeddable":true,"href":"https:\/\/teslasciencefoundation.org\/new_TSF\/wp-json\/wp\/v2\/comments?post=3454"}],"version-history":[{"count":1,"href":"https:\/\/teslasciencefoundation.org\/new_TSF\/wp-json\/wp\/v2\/pages\/3454\/revisions"}],"predecessor-version":[{"id":3455,"href":"https:\/\/teslasciencefoundation.org\/new_TSF\/wp-json\/wp\/v2\/pages\/3454\/revisions\/3455"}],"wp:attachment":[{"href":"https:\/\/teslasciencefoundation.org\/new_TSF\/wp-json\/wp\/v2\/media?parent=3454"}],"curies":[{"name":"wp","href":"https:\/\/api.w.org\/{rel}","templated":true}]}}